{"id":183,"date":"2023-03-02T15:07:21","date_gmt":"2023-03-02T14:07:21","guid":{"rendered":"https:\/\/www.sbdradost.cz\/?page_id=183"},"modified":"2024-08-21T11:18:26","modified_gmt":"2024-08-21T09:18:26","slug":"chci-vyridit","status":"publish","type":"page","link":"https:\/\/www.sbdradost.cz\/index.php\/chci-vyridit\/","title":{"rendered":"chci vy\u0159\u00eddit"},"content":{"rendered":"<p>[et_pb_section fb_built=&#8220;1&#8243; _builder_version=&#8220;4.14.5&#8243; background_color=&#8220;#e2e2e2&#8243; custom_padding=&#8220;||64px|||&#8220; global_colors_info=&#8220;{}&#8220;][et_pb_row _builder_version=&#8220;4.14.8&#8243; _module_preset=&#8220;default&#8220; global_colors_info=&#8220;{}&#8220;][et_pb_column type=&#8220;4_4&#8243; _builder_version=&#8220;4.14.8&#8243; _module_preset=&#8220;default&#8220; global_colors_info=&#8220;{}&#8220;][et_pb_post_title meta=&#8220;off&#8220; _builder_version=&#8220;4.14.5&#8243; _module_preset=&#8220;default&#8220; title_font=&#8220;|||on|||||&#8220; title_text_align=&#8220;left&#8220; title_font_size=&#8220;46px&#8220; custom_margin=&#8220;68px||39px|||&#8220; title_text_color_tablet=&#8220;&#8220; title_text_color_phone=&#8220;&#8220; title_text_color_last_edited=&#8220;on|desktop&#8220; global_colors_info=&#8220;{}&#8220;][\/et_pb_post_title][\/et_pb_column][\/et_pb_row][et_pb_row admin_label=&#8220;nadpis dokumentu&#8220; _builder_version=&#8220;4.14.5&#8243; _module_preset=&#8220;default&#8220; custom_padding=&#8220;||9px|||&#8220; global_colors_info=&#8220;{}&#8220;][et_pb_column type=&#8220;4_4&#8243; _builder_version=&#8220;4.14.8&#8243; _module_preset=&#8220;default&#8220; global_colors_info=&#8220;{}&#8220;][et_pb_text _builder_version=&#8220;4.14.5&#8243; _module_preset=&#8220;default&#8220; text_font_size=&#8220;18px&#8220; text_line_height=&#8220;1.6em&#8220; header_3_text_color=&#8220;#0C71C3&#8243; header_3_font_size=&#8220;30px&#8220; header_3_line_height=&#8220;1.2em&#8220; max_width=&#8220;80%&#8220; max_width_tablet=&#8220;100%&#8220; max_width_phone=&#8220;100%&#8220; max_width_last_edited=&#8220;on|tablet&#8220; custom_margin=&#8220;||16px|||&#8220; global_colors_info=&#8220;{}&#8220;]<\/p>\n<h3>Chci v\u011bd\u011bt, jak\u00e9 budu hradit dru\u017estvu jednor\u00e1zov\u00e9 poplatky a v jak\u00fdch p\u0159\u00edpadech<\/h3>\n<p>&nbsp;<\/p>\n<p>[\/et_pb_text][et_pb_gallery gallery_ids=&#8220;282,283&#8243; posts_number=&#8220;2&#8243; show_title_and_caption=&#8220;off&#8220; show_pagination=&#8220;off&#8220; _builder_version=&#8220;4.14.5&#8243; _module_preset=&#8220;default&#8220; hover_enabled=&#8220;0&#8243; global_colors_info=&#8220;{}&#8220; border_radii_image=&#8220;on|12px|12px|12px|12px&#8220; sticky_enabled=&#8220;0&#8243; orientation=&#8220;portrait&#8220; custom_css_gallery_item=&#8220;width:30%&#8220;][\/et_pb_gallery][et_pb_blurb use_icon=&#8220;on&#8220; font_icon=&#8220;&#xf1c1;||fa||400&#8243; icon_color=&#8220;#0c71c3&#8243; image_icon_width=&#8220;80px&#8220; _builder_version=&#8220;4.14.5&#8243; _module_preset=&#8220;default&#8220; body_text_align=&#8220;center&#8220; body_font_size=&#8220;16px&#8220; background_color=&#8220;#FFFFFF&#8220; max_width=&#8220;300px&#8220; module_alignment=&#8220;left&#8220; custom_margin=&#8220;||83px|||&#8220; custom_padding=&#8220;44px|20px|48px|20px|false|false&#8220; link_option_url=&#8220;\/wp-content\/uploads\/2024\/08\/Sazebnik-ukonu-druzstva.pdf&#8220; hover_enabled=&#8220;0&#8243; border_radii=&#8220;on|12px|12px|12px|12px&#8220; global_colors_info=&#8220;{}&#8220; background__hover_enabled=&#8220;on|desktop&#8220; background_color__hover=&#8220;#9dc6ea&#8220; background_enable_color__hover=&#8220;on&#8220; theme_builder_area=&#8220;post_content&#8220; sticky_enabled=&#8220;0&#8243;]<\/p>\n<p><strong>ST\u00c1HNOUT<\/strong><br \/><strong>(form\u00e1t pdf)<\/strong><\/p>\n<p>[\/et_pb_blurb][et_pb_text _builder_version=&#8220;4.14.5&#8243; _module_preset=&#8220;default&#8220; text_font_size=&#8220;18px&#8220; text_line_height=&#8220;1.6em&#8220; header_3_text_color=&#8220;#0C71C3&#8243; header_3_font_size=&#8220;30px&#8220; header_3_line_height=&#8220;1.2em&#8220; max_width=&#8220;80%&#8220; max_width_tablet=&#8220;100%&#8220; max_width_phone=&#8220;100%&#8220; max_width_last_edited=&#8220;on|tablet&#8220; custom_margin=&#8220;91px||16px|||&#8220; global_colors_info=&#8220;{}&#8220;]<\/p>\n<h3><strong>Chci sv\u016fj dru\u017estevn\u00ed byt poskytnout do podn\u00e1jmu<\/strong><\/h3>\n<p>Obracejte se v\u00a0t\u00e9to v\u011bci na <a href=\"#kontakt\">V\u011bru Krav\u00e1\u010dkovou<\/a> \u2013 viz kontakty<\/p>\n<p>1\/ st\u00e1hn\u011bte si formul\u00e1\u0159 smlouvy o podn\u00e1jmu ( viz dokumenty ke sta\u017een\u00ed)<\/p>\n<p>2\/ s\u00a0vypln\u011bn\u00fdm formul\u00e1\u0159em se n\u00e1jemce i podn\u00e1jemce se dostavte na dru\u017estvo k\u00a0podpisu, pokud se nem\u016f\u017eete dostavit osobn\u011b a smlouvu zaslat, mus\u00ed b\u00fdt podpisy n\u00e1jemce a podn\u00e1jemce na smlouv\u011b \u00fa\u0159edn\u011b ov\u011b\u0159eny<\/p>\n<p>3\/ uhra\u010fte\u00a0\u00a0 poplatek za poskytnut\u00ed dru\u017estevn\u00edho bytu do podn\u00e1jmu, ve v\u00fd\u0161i 250,- K\u010d za ka\u017ed\u00fd po\u017eadovan\u00fd m\u011bs\u00edc podn\u00e1jmu, pop\u0159\u00edpad\u011b ve v\u00fd\u0161i 3.000,- K\u010d za cel\u00fd rok<\/p>\n<p>4\/ Platebn\u00ed \u00fadaje pro \u00fahradu poplatku<\/p>\n<ul>\n<li>\u010d\u00edslo \u00fa\u010dtu 1445669\/0300<\/li>\n<li>do zpr\u00e1vy pro p\u0159\u00edjemce uve\u010fte: jm\u00e9no- podn\u00e1jem<\/li>\n<li>variabiln\u00ed symbol je Va\u0161e \u010d\u00edslo, kter\u00e9 najdete na Va\u0161em p\u0159edpisu plateb ( dodatek k n\u00e1jemn\u00ed smlouv\u011b)<\/li>\n<\/ul>\n<p>[\/et_pb_text][et_pb_image src=&#8220;https:\/\/www.sbdradost.cz\/wp-content\/uploads\/2023\/03\/v-s-002.png&#8220; title_text=&#8220;v-s-002&#8243; _builder_version=&#8220;4.14.5&#8243; _module_preset=&#8220;default&#8220; width=&#8220;50%&#8220; custom_margin=&#8220;||13px|||&#8220; border_radii=&#8220;on|12px|12px|12px|12px&#8220; global_colors_info=&#8220;{}&#8220;][\/et_pb_image][et_pb_text admin_label=&#8220;vs popisek&#8220; _builder_version=&#8220;4.14.5&#8243; _module_preset=&#8220;default&#8220; text_text_color=&#8220;#00a439&#8243; text_font_size=&#8220;16px&#8220; custom_margin=&#8220;||59px|||&#8220; custom_padding=&#8220;||21px|||&#8220; global_colors_info=&#8220;{}&#8220;]<\/p>\n<p>Zde najdete variabiln\u00ed symbol<\/p>\n<p>[\/et_pb_text][et_pb_text _builder_version=&#8220;4.14.5&#8243; _module_preset=&#8220;default&#8220; text_font_size=&#8220;18px&#8220; text_line_height=&#8220;1.6em&#8220; header_3_text_color=&#8220;#0C71C3&#8243; header_3_font_size=&#8220;30px&#8220; header_3_line_height=&#8220;1.2em&#8220; max_width=&#8220;80%&#8220; max_width_tablet=&#8220;100%&#8220; max_width_phone=&#8220;100%&#8220; max_width_last_edited=&#8220;on|tablet&#8220; custom_margin=&#8220;||16px|||&#8220; global_colors_info=&#8220;{}&#8220;]<\/p>\n<h3><strong>Chci p\u0159ev\u00e9st dru\u017estevn\u00ed byt do sv\u00e9ho vlastnictv\u00ed<\/strong><\/h3>\n<p>Obracejte se v\u00a0t\u00e9to v\u011bci na <a href=\"#kontakt\">Ing. \u0160ir\u016f\u010dka<\/a> \u2013 viz kontakty<\/p>\n<p>1\/ St\u00e1hn\u011bte si dokument \u2013 \u017e\u00e1dost o p\u0159evod bytu do vlastnictv\u00ed \u2013 vypl\u0148te a podepsan\u00fd (v p\u0159\u00edpad\u011b man\u017eel\u016f ob\u011bma) doru\u010dte mailem na adresu <a href=\"mailto:sirucek@sbdradost.cz\">sirucek@sbdradost.cz<\/a><\/p>\n<p>2\/ Obdr\u017e\u00edte v\u00fdzvu k\u00a0doplacen\u00ed anuity, pokud na Va\u0161em byt\u011b je\u0161t\u011b v\u00e1zne a nebyla doposud uhrazena<\/p>\n<p>3\/ Na v\u00fdzvu dru\u017estva se dostavte k\u00a0podpisu p\u0159ipraven\u00fdch smluv, jedno vyhotoven\u00ed smluv mus\u00ed m\u00edt \u00fa\u0159edn\u011b ov\u011b\u0159en\u00e9 podpisy<\/p>\n<p>4\/ Dru\u017estvo zajist\u00ed proveden\u00ed vkladu do katastru nemovitost\u00ed<\/p>\n<p>[\/et_pb_text][et_pb_text _builder_version=&#8220;4.14.5&#8243; _module_preset=&#8220;default&#8220; text_font_size=&#8220;18px&#8220; text_line_height=&#8220;1.6em&#8220; header_3_text_color=&#8220;#0C71C3&#8243; header_3_font_size=&#8220;30px&#8220; header_3_line_height=&#8220;1.2em&#8220; max_width=&#8220;80%&#8220; max_width_tablet=&#8220;100%&#8220; max_width_phone=&#8220;100%&#8220; max_width_last_edited=&#8220;on|tablet&#8220; custom_margin=&#8220;||16px|||&#8220; global_colors_info=&#8220;{}&#8220;]<\/p>\n<h3><strong>Chci p\u0159ev\u00e9st sv\u016fj dru\u017estevn\u00ed byt na n\u011bkoho jin\u00e9ho (p\u0159ev\u00e1d\u00edm dru\u017estevn\u00ed pod\u00edl)<\/strong><\/h3>\n<p>Obracejte se v\u00a0t\u00e9to v\u011bci na <a href=\"#kontakt\">V\u011bru Krav\u00e1\u010dkovou<\/a> \u2013 viz kontakty<\/p>\n<p>1\/ Vypl\u0148te t\u0159i n\u00ed\u017ee uveden\u00e9 dokumenty (viz dokumenty ke sta\u017een\u00ed)<\/p>\n<ul>\n<li>smlouvu o p\u0159evodu dru\u017estevn\u00edho pod\u00edlu, kde mus\u00ed b\u00fdt \u00fa\u0159edn\u011b ov\u011b\u0159en\u00e9 podpisy p\u0159evodce i nabyvatele<\/li>\n<li>ozn\u00e1men\u00ed o p\u0159evodu dru\u017estevn\u00edho pod\u00edlu<\/li>\n<li>prohl\u00e1\u0161en\u00ed o vz\u00e1jemn\u00e9m majetkov\u00e9m vypo\u0159\u00e1d\u00e1n\u00ed<\/li>\n<\/ul>\n<p>\u00a02\/ Vypln\u011bn\u00e9 a podepsan\u00e9 dokumenty doru\u010dte dru\u017estvu<\/p>\n<p>3\/ Prove\u010fte \u00fahradu poplatku za p\u0159evod dru\u017estevn\u00edho pod\u00edlu dle sazebn\u00edku poplatk\u016f dle bodu 1\/ a 2\/ ( viz dokumenty ke sta\u017een\u00ed)<\/p>\n<p>4\/ Platebn\u00ed \u00fadaje pro \u00fahradu poplatku:<\/p>\n<ul>\n<li>\u010d\u00edslo \u00fa\u010dtu 1445669\/0300<\/li>\n<li>do zpr\u00e1vy pro p\u0159\u00edjemce uve\u010fte: jm\u00e9no- p\u0159evod<\/li>\n<li>variabiln\u00ed symbol je Va\u0161e \u010d\u00edslo, kter\u00e9 najdete na Va\u0161em p\u0159edpisu plateb (dodatek k\u00a0n\u00e1jemn\u00ed smlouv\u011b)<\/li>\n<\/ul>\n<p>[\/et_pb_text][et_pb_image src=&#8220;https:\/\/www.sbdradost.cz\/wp-content\/uploads\/2023\/03\/v-s-002.png&#8220; title_text=&#8220;v-s-002&#8243; _builder_version=&#8220;4.14.5&#8243; _module_preset=&#8220;default&#8220; width=&#8220;50%&#8220; custom_margin=&#8220;||13px|||&#8220; border_radii=&#8220;on|12px|12px|12px|12px&#8220; global_colors_info=&#8220;{}&#8220;][\/et_pb_image][et_pb_text admin_label=&#8220;vs popisek&#8220; _builder_version=&#8220;4.14.5&#8243; _module_preset=&#8220;default&#8220; text_text_color=&#8220;#00a439&#8243; text_font_size=&#8220;16px&#8220; custom_margin=&#8220;||59px|||&#8220; custom_padding=&#8220;||21px|||&#8220; global_colors_info=&#8220;{}&#8220;]<\/p>\n<p>Zde najdete variabiln\u00ed symbol<\/p>\n<p>[\/et_pb_text][et_pb_text _builder_version=&#8220;4.14.5&#8243; _module_preset=&#8220;default&#8220; text_font_size=&#8220;18px&#8220; text_line_height=&#8220;1.6em&#8220; header_3_text_color=&#8220;#0C71C3&#8243; header_3_font_size=&#8220;30px&#8220; header_3_line_height=&#8220;1.2em&#8220; max_width=&#8220;80%&#8220; max_width_tablet=&#8220;100%&#8220; max_width_phone=&#8220;100%&#8220; max_width_last_edited=&#8220;on|tablet&#8220; custom_margin=&#8220;||16px|||&#8220; global_colors_info=&#8220;{}&#8220;]<\/p>\n<h3><strong>Chci ukon\u010dit \u010dlenstv\u00ed v dru\u017estvu<\/strong><\/h3>\n<p>Obracejte se v\u00a0t\u00e9to v\u011bci na <a href=\"#kontakt\">V\u011bru Krav\u00e1\u010dkovou<\/a> \u2013 viz kontakty<\/p>\n<p>1\/ vypl\u0148te \u017e\u00e1dost o ukon\u010den\u00ed \u010dlenstv\u00ed (viz dokumenty ke sta\u017een\u00ed)<\/p>\n<p>2\/ podepsanou a vypln\u011bnou \u017e\u00e1dost doru\u010dte dru\u017estvu<\/p>\n<p>&nbsp;<\/p>\n<h3><strong>Chci se st\u00e1t \u010dlenem dru\u017estva<\/strong><\/h3>\n<p>Obracejte se v\u00a0t\u00e9to v\u011bci na <a href=\"#kontakt\">V\u011bru Krav\u00e1\u010dkovou<\/a> \u2013 viz kontakty<\/p>\n<p>1\/ vypl\u0148te p\u0159ihl\u00e1\u0161ku (viz dokumenty ke sta\u017een\u00ed)<\/p>\n<p>2\/ uhra\u010fte z\u00e1kladn\u00ed \u010dlensk\u00fd vklad ve v\u00fd\u0161i 500,- K\u010d a z\u00e1pisn\u00e9 ve v\u00fd\u0161i 200,- K\u010d<\/p>\n<p>&nbsp;<\/p>\n<p>&nbsp;<\/p>\n<p><strong>\u00a0<\/strong><\/p>\n<p>[\/et_pb_text][\/et_pb_column][\/et_pb_row][et_pb_row _builder_version=&#8220;4.14.5&#8243; _module_preset=&#8220;default&#8220; custom_padding=&#8220;65px|||||&#8220; global_module=&#8220;221&#8243; saved_tabs=&#8220;all&#8220; locked=&#8220;on&#8220; global_colors_info=&#8220;{}&#8220;][et_pb_column type=&#8220;4_4&#8243; _builder_version=&#8220;4.14.5&#8243; _module_preset=&#8220;default&#8220; global_colors_info=&#8220;{}&#8220;][et_pb_button button_url=&#8220;\/&#8220; button_text=&#8220;zp\u011bt na hlavn\u00ed stranu&#8220; button_alignment=&#8220;left&#8220; _builder_version=&#8220;4.14.5&#8243; _module_preset=&#8220;default&#8220; custom_button=&#8220;on&#8220; button_icon=&#8220;&#x23;||divi||400&#8243; button_icon_placement=&#8220;left&#8220; button_on_hover=&#8220;off&#8220; locked=&#8220;off&#8220; global_colors_info=&#8220;{}&#8220; button_bg_color__hover_enabled=&#8220;on|desktop&#8220; button_bg_color__hover=&#8220;#0C71C3&#8243; button_bg_enable_color__hover=&#8220;on&#8220; button_text_color__hover_enabled=&#8220;on|hover&#8220; button_text_color__hover=&#8220;#FFFFFF&#8220;][\/et_pb_button][\/et_pb_column][\/et_pb_row][\/et_pb_section][et_pb_section fb_built=&#8220;1&#8243; _builder_version=&#8220;4.14.5&#8243; _module_preset=&#8220;default&#8220; custom_padding=&#8220;0px||0px|||&#8220; locked=&#8220;on&#8220; global_colors_info=&#8220;{}&#8220;][et_pb_row _builder_version=&#8220;4.14.5&#8243; _module_preset=&#8220;default&#8220; background_image=&#8220;https:\/\/www.sbdradost.cz\/wp-content\/uploads\/2022\/05\/mapa-01.png&#8220; width=&#8220;100%&#8220; max_width=&#8220;1920px&#8220; module_alignment=&#8220;center&#8220; min_height=&#8220;670px&#8220; custom_margin=&#8220;0px||0px||false|false&#8220; custom_padding=&#8220;47px|||||&#8220; global_module=&#8220;78&#8243; saved_tabs=&#8220;all&#8220; global_colors_info=&#8220;{}&#8220;][et_pb_column type=&#8220;4_4&#8243; _builder_version=&#8220;4.14.8&#8243; _module_preset=&#8220;default&#8220; global_colors_info=&#8220;{}&#8220;][et_pb_text _builder_version=&#8220;4.14.5&#8243; _module_preset=&#8220;default&#8220; text_font_size=&#8220;18px&#8220; text_line_height=&#8220;1.6em&#8220; background_color=&#8220;#FFFFFF&#8220; z_index=&#8220;999&#8243; text_orientation=&#8220;center&#8220; max_width=&#8220;400px&#8220; module_alignment=&#8220;center&#8220; height=&#8220;250px&#8220; custom_margin=&#8220;||0px||false|false&#8220; custom_padding=&#8220;20px|20px|0px|20px|false|false&#8220; border_radii=&#8220;on|12px|12px|12px|12px&#8220; global_colors_info=&#8220;{}&#8220;]<\/p>\n<h3>KDE N\u00c1S NAJDETE?<strong><\/strong><strong><\/strong><strong><\/strong><\/h3>\n<p><strong><\/strong><\/p>\n<p><strong>Stavebn\u00ed bytov\u00e9<br \/>dru\u017estvo RADOST<\/strong><br \/>Komensk\u00e9ho 22<br \/>680 01 Boskovice<\/p>\n<p>&nbsp;<\/p>\n<p>[\/et_pb_text][et_pb_image src=&#8220;https:\/\/www.sbdradost.cz\/wp-content\/uploads\/2022\/05\/zobacek.png&#8220; title_text=&#8220;zobacek&#8220; align=&#8220;center&#8220; _builder_version=&#8220;4.14.5&#8243; _module_preset=&#8220;default&#8220; custom_margin=&#8220;0px|0px|0px|0px|false|false&#8220; custom_padding=&#8220;0px|0px|0px|0px|false|false&#8220; global_colors_info=&#8220;{}&#8220;][\/et_pb_image][\/et_pb_column][\/et_pb_row][\/et_pb_section][et_pb_section fb_built=&#8220;1&#8243; module_id=&#8220;kontakt&#8220; _builder_version=&#8220;4.14.5&#8243; _module_preset=&#8220;default&#8220; background_color=&#8220;#001E36&#8243; global_module=&#8220;79&#8243; saved_tabs=&#8220;all&#8220; locked=&#8220;off&#8220; global_colors_info=&#8220;{}&#8220;][et_pb_row _builder_version=&#8220;4.14.5&#8243; _module_preset=&#8220;default&#8220; custom_padding=&#8220;||0px||false|false&#8220; global_colors_info=&#8220;{}&#8220;][et_pb_column type=&#8220;4_4&#8243; _builder_version=&#8220;4.14.8&#8243; _module_preset=&#8220;default&#8220; global_colors_info=&#8220;{}&#8220;][et_pb_text ul_type=&#8220;none&#8220; _builder_version=&#8220;4.14.8&#8243; _module_preset=&#8220;default&#8220; text_text_color=&#8220;#FFFFFF&#8220; text_line_height=&#8220;1.3em&#8220; link_text_align=&#8220;left&#8220; link_text_color=&#8220;#6CB8E7&#8243; ul_line_height=&#8220;1.2em&#8220; header_2_text_color=&#8220;#6CB8E7&#8243; header_3_text_color=&#8220;#6CB8E7&#8243; header_3_font_size=&#8220;20px&#8220; header_3_line_height=&#8220;0.9em&#8220; custom_padding=&#8220;||0px||false|false&#8220; global_colors_info=&#8220;{}&#8220;]<\/p>\n<h2>KONTAKTY:<\/h2>\n<ul>\n<li><strong>Stavebn\u00ed bytov\u00e9 dru\u017estvo RADOST<\/strong><\/li>\n<li>Komensk\u00e9ho 22<\/li>\n<li>680 01 Boskovice<\/li>\n<li>I\u010cO: 00048356\u00a0\u00a0\u00a0\u00a0\u00a0\u00a0 DI\u010c: CZ00048356<\/li>\n<li>Datov\u00e1 schr\u00e1nka: g7d4c7k<\/li>\n<\/ul>\n<p>[\/et_pb_text][\/et_pb_column][\/et_pb_row][et_pb_row column_structure=&#8220;1_2,1_2&#8243; module_id=&#8220;ko&#8220; _builder_version=&#8220;4.14.5&#8243; _module_preset=&#8220;default&#8220; width=&#8220;90%&#8220; global_colors_info=&#8220;{}&#8220;][et_pb_column type=&#8220;1_2&#8243; _builder_version=&#8220;4.14.8&#8243; _module_preset=&#8220;default&#8220; global_colors_info=&#8220;{}&#8220;][et_pb_text ul_type=&#8220;none&#8220; _builder_version=&#8220;4.14.5&#8243; _module_preset=&#8220;default&#8220; text_text_color=&#8220;#FFFFFF&#8220; text_line_height=&#8220;1.3em&#8220; link_text_align=&#8220;left&#8220; link_text_color=&#8220;#6CB8E7&#8243; ul_line_height=&#8220;1.2em&#8220; header_2_text_color=&#8220;#6CB8E7&#8243; header_3_text_color=&#8220;#6CB8E7&#8243; header_3_font_size=&#8220;20px&#8220; header_3_line_height=&#8220;0.9em&#8220; global_colors_info=&#8220;{}&#8220;]<\/p>\n<h3>P\u0158EDSEDA P\u0158EDSTAVENSTVA DRU\u017dSTVA<\/h3>\n<ul>\n<li>Mgr. PhDr. Bohuslav Nov\u00e1k<\/li>\n<li><strong>tel.:<\/strong>\u00a0516 499 619<\/li>\n<li><strong>e-mail:<\/strong><span>\u00a0<\/span><a href=\"mailto:novak@sbdradost.cz\">novak@sbdradost.cz<\/a><\/li>\n<\/ul>\n<h3><\/h3>\n<h3>EKONOMICK\u00dd \u00daSEK<\/h3>\n<ul>\n<li><strong>vedouc\u00ed<\/strong>\u00a0&#8211; Eva Musilov\u00e1<\/li>\n<li><strong>tel.:<\/strong>\u00a0516 499 617<\/li>\n<li><strong>e-mail:<\/strong>\u00a0<a href=\"mailto:musilova@sbdradost.cz\">musilova@sbdradost.cz<\/a><\/li>\n<\/ul>\n<ul>\n<li><strong>\u00fa\u010detn\u00ed<\/strong>\u00a0&#8211; Hana Kom\u00e1rkov\u00e1<\/li>\n<li><strong>tel.:<\/strong>\u00a0516 499 610<\/li>\n<li><strong>e-mail:<\/strong>\u00a0<a href=\"mailto:komarkova@sbdradost.cz\">komarkova@sbdradost.cz<\/a><\/li>\n<\/ul>\n<ul>\n<li><strong>slu\u017eby<\/strong> &#8211; <span>Krist\u00fdna Korbelov\u00e1<\/span><\/li>\n<li><strong>tel.:<\/strong>\u00a0516 499 612<\/li>\n<li><strong>e-mail:<\/strong><span>\u00a0<\/span><a href=\"mailto:korbelova@sbdradost.cz\">korbelova@sbdradost.cz<\/a><\/li>\n<\/ul>\n<ul>\n<li><strong>pokladna, fakturace<\/strong><span>\u00a0<\/span>&#8211; Eli\u0161ka Toufarov\u00e1<\/li>\n<li><strong>tel.:<\/strong>\u00a0516 499 616<\/li>\n<li><strong>e-mail:<\/strong>\u00a0<a href=\"mailto:toufarova@sbdradost.cz\">toufarova@sbdradost.cz<\/a><\/li>\n<\/ul>\n<ul>\n<li><strong>n\u00e1jemn\u00e9<\/strong>\u00a0&#8211; Ivana Neubauerov\u00e1<\/li>\n<li><strong>tel.:<\/strong>\u00a0516 499 613<\/li>\n<li><strong>e-mail:<span>\u00a0<\/span><\/strong><a href=\"mailto:neubauerova@sbdradost.cz\">neubauerova@sbdradost.cz<\/a><\/li>\n<\/ul>\n<p>[\/et_pb_text][\/et_pb_column][et_pb_column type=&#8220;1_2&#8243; _builder_version=&#8220;4.14.8&#8243; _module_preset=&#8220;default&#8220; global_colors_info=&#8220;{}&#8220;][et_pb_text ul_type=&#8220;none&#8220; _builder_version=&#8220;4.14.5&#8243; _module_preset=&#8220;default&#8220; text_text_color=&#8220;#FFFFFF&#8220; text_line_height=&#8220;1.3em&#8220; link_text_align=&#8220;left&#8220; link_text_color=&#8220;#6CB8E7&#8243; ul_line_height=&#8220;1.2em&#8220; header_2_text_color=&#8220;#6CB8E7&#8243; header_3_text_color=&#8220;#6CB8E7&#8243; header_3_font_size=&#8220;20px&#8220; header_3_line_height=&#8220;0.9em&#8220; global_colors_info=&#8220;{}&#8220;]<\/p>\n<ul>\n<li><\/li>\n<\/ul>\n<h3><span style=\"font-size: 20px;\">SPR\u00c1VN\u00cd \u00daSEK<\/span><\/h3>\n<ul>\n<li><strong>pr\u00e1vn\u00ed agenda<span>\u00a0<\/span><\/strong>&#8211; Mgr. PhDr. Bohuslav Nov\u00e1k, JUDr. Jaroslav Skot\u00e1k<\/li>\n<li><strong>e-mail:<\/strong><span>\u00a0<\/span><a href=\"mailto:novak@sbdradost.cz\">novak@sbdradost.cz<\/a>,<span>\u00a0<\/span><a href=\"mailto:%20skotak@sbdradost.cz\">skotak@sbdradost.cz<\/a><\/li>\n<\/ul>\n<ul>\n<li><strong>stavebn\u011btechnick\u00e1 agenda &#8211;<span>\u00a0<\/span><\/strong>Ji\u0159\u00ed La\u0161t\u016fvka<strong><br \/>\n<\/strong><\/li>\n<li><strong>tel.:<\/strong>\u00a0516 499 614<\/li>\n<li><strong>e-mail:<span>\u00a0<\/span><\/strong><a href=\"mailto:lastuvka@sbdradost.cz\">lastuvka@sbdradost.cz<\/a><\/li>\n<\/ul>\n<ul>\n<li><strong>stavebn\u011btechnick\u00e1 agenda, vy\u00fa\u010dtov\u00e1n\u00ed slu\u017eeb<\/strong><span>\u00a0<\/span>&#8211; Bo\u017eena Klementov\u00e1<\/li>\n<li><strong>tel.:<\/strong>\u00a0516 499 614<\/li>\n<li><strong>e-mail:<span>\u00a0<\/span><\/strong><a href=\"mailto:klementova@sbdradost.cz\">klementova@sbdradost.cz<\/a><\/li>\n<\/ul>\n<ul>\n<li><strong>p\u0159evody byt\u016f, nebytov\u00e9 prostory, poji\u0161t\u011bn\u00ed, da\u0148ov\u00e1 agenda<\/strong><span>\u00a0<\/span>&#8211; Ing. Pavel \u0160ir\u016f\u010dek<\/li>\n<li><strong>tel.:<\/strong>\u00a0516 499 618<\/li>\n<li><strong>e-mail:<span>\u00a0<\/span><\/strong><a href=\"mailto:sirucek@sbdradost.cz\">sirucek@sbdradost.cz<\/a><\/li>\n<\/ul>\n<ul>\n<li><strong>bytov\u00e1 agenda, \u010dlensk\u00e9 vztahy<\/strong><span>\u00a0<\/span>&#8211; V\u011bra Krav\u00e1\u010dkov\u00e1<\/li>\n<li><strong>tel.:<\/strong>\u00a0516 499 615<\/li>\n<li><strong>e-mail:<span>\u00a0<\/span><\/strong><a href=\"mailto:kravackova@sbdradost.cz\">kravackova@sbdradost.cz<\/a><\/li>\n<\/ul>\n<ul>\n<li><strong>spr\u00e1vn\u00ed agendy spole\u010denstv\u00ed vlastn\u00edk\u016f jednotek<\/strong><span>\u00a0<\/span>&#8211; Bc. Jana Cab\u00e1kov\u00e1<\/li>\n<li><strong>tel.:<\/strong>\u00a0516 499 611,\u00a0 775 932 870<\/li>\n<li><strong>e-mail:<span>\u00a0<\/span><\/strong><a href=\"mailto:cabakova@sbdradost.cz\">cabakova@sbdradost.cz<\/a><\/li>\n<\/ul>\n<p>[\/et_pb_text][\/et_pb_column][\/et_pb_row][\/et_pb_section]<\/p>\n","protected":false},"excerpt":{"rendered":"<p>Chci v\u011bd\u011bt, jak\u00e9 budu hradit dru\u017estvu jednor\u00e1zov\u00e9 poplatky a v jak\u00fdch p\u0159\u00edpadech &nbsp;ST\u00c1HNOUT(form\u00e1t pdf)Chci sv\u016fj dru\u017estevn\u00ed byt poskytnout do podn\u00e1jmu Obracejte se v\u00a0t\u00e9to v\u011bci na V\u011bru Krav\u00e1\u010dkovou \u2013 viz kontakty 1\/ st\u00e1hn\u011bte si formul\u00e1\u0159 smlouvy o podn\u00e1jmu ( viz dokumenty ke sta\u017een\u00ed) 2\/ s\u00a0vypln\u011bn\u00fdm formul\u00e1\u0159em se n\u00e1jemce i podn\u00e1jemce se dostavte na dru\u017estvo k\u00a0podpisu, pokud [&hellip;]<\/p>\n","protected":false},"author":1,"featured_media":0,"parent":0,"menu_order":0,"comment_status":"closed","ping_status":"closed","template":"","meta":{"_et_pb_use_builder":"on","_et_pb_old_content":"","_et_gb_content_width":"","footnotes":""},"class_list":["post-183","page","type-page","status-publish","hentry"],"_links":{"self":[{"href":"https:\/\/www.sbdradost.cz\/index.php\/wp-json\/wp\/v2\/pages\/183","targetHints":{"allow":["GET"]}}],"collection":[{"href":"https:\/\/www.sbdradost.cz\/index.php\/wp-json\/wp\/v2\/pages"}],"about":[{"href":"https:\/\/www.sbdradost.cz\/index.php\/wp-json\/wp\/v2\/types\/page"}],"author":[{"embeddable":true,"href":"https:\/\/www.sbdradost.cz\/index.php\/wp-json\/wp\/v2\/users\/1"}],"replies":[{"embeddable":true,"href":"https:\/\/www.sbdradost.cz\/index.php\/wp-json\/wp\/v2\/comments?post=183"}],"version-history":[{"count":18,"href":"https:\/\/www.sbdradost.cz\/index.php\/wp-json\/wp\/v2\/pages\/183\/revisions"}],"predecessor-version":[{"id":290,"href":"https:\/\/www.sbdradost.cz\/index.php\/wp-json\/wp\/v2\/pages\/183\/revisions\/290"}],"wp:attachment":[{"href":"https:\/\/www.sbdradost.cz\/index.php\/wp-json\/wp\/v2\/media?parent=183"}],"curies":[{"name":"wp","href":"https:\/\/api.w.org\/{rel}","templated":true}]}}